 Let s(z) = -z**3 + 5*z**2 - 6. Let d be s(5). What are the prime factors of 1/3 - w/d?
2
Suppose -3*l - 435 = 3*p - 7*p, 0 = -4*l + 12. List the prime factors of p.
3, 37
Suppose g + 8 = 2*g. Suppose 2*m - 2*a + 4*a = g, -2*a = 10. List the prime factors of m.
3
Suppose 5*r - 1430 + 486 = b, 2*b = -2*r + 380. What are the prime factors of r?
3, 7
Let b = -36 - -23. Let o = b + 39. Suppose 5*r + 5*u = o - 6, -5*u = 4*r - 12. List the prime factors of r.
2
Let j(b) = -b**3 - 5*b**2 - 2*b - 2. Let c(l) = -l - 1. Let i be c(4). What are the prime factors of j(i)?
2
Let p(m) = -m + 2*m + 2*m - 3 - 4*m. What are the prime factors of p(-11)?
2
Let j(k) = k + 3. Let u be j(-5). Let m be (4 - 5)/(1 + u). Let b(n) = 7*n**2 - 1. List the prime factors of b(m).
2, 3
Let g = -6 + 19. Suppose -3*q + 5 = -g. What are the prime factors of q?
2, 3
Let a(d) = -2*d - 2. Let v be a(-2). Let c = 31 + -30. Let q = v + c. List the prime factors of q.
3
Let h(x) = -19*x + 1. Let t be h(-1). Suppose 0 = z + 4, 12 + t = 3*p - 5*z. Suppose -4*q = -7*f + 2*f + 2, -2*f - 4 = -p*q. List the prime factors of q.
2
Let p = 42 + 36. List the prime factors of p.
2, 3, 13
Let p(n) = 21*n + 1. What are the prime factors of p(2)?
43
Suppose 2 = -4*m + 5*m. Let b be (3*1)/((-3)/(-6)). Suppose -3*x - 5*u + 33 = -b*u, -56 = -5*x + m*u. List the prime factors of x.
2, 5
Suppose 2*l + 1 + 3 = 0. Let q(c) = c**3 + 4*c**2 + 3*c. Let n be q(l). List the prime factors of ((-36)/21)/(n/(-14)).
2, 3
Suppose -5*y + 543 = -s, 0 = -2*y + 5*s + 145 + 86. What are the prime factors of y?
2, 3
Suppose -a = -0*a - 5. Suppose -46 = -4*c + 4*b - 6, -15 = -a*b. What are the prime factors of c?
13
Let a = 17 - 9. Let w = a - 1. List the prime factors of w.
7
Let y be (-165)/10 + (-1)/(-2). What are the prime factors of 23 - -4*4/y?
2, 11
What are the prime factors of (-1*(-3)/(-6))/(5/(-480))?
2, 3
Suppose -5*q + 37 = 4*z, -25 = -5*q - 0. Suppose -z*t + 22 = -5*k, 65 = 3*t + k + 19. What are the prime factors of t?
2, 7
Suppose d - 102 = -0*d + u, -3*u = -d + 100. What are the prime factors of d?
103
Suppose -14 = 2*a + 5*j - 3*j, -4*j = 2*a + 20. Let y(u) = -6*u - 6. List the prime factors of y(a).
2, 3
Let b = -1 + 3. Let o be 9/((3/b)/1). Let u = o + 10. List the prime factors of u.
2
Suppose 5*v - 5*x + 26 = 111, -5*v + 115 = 5*x. Let c = v + -14. List the prime factors of c.
2, 3
Let k(y) = -6*y - 1. List the prime factors of k(-5).
29
Suppose -3*g + 29 = -2*w, w = 4*g - 2*w - 38. List the prime factors of g.
11
Let w = -9 - -7. Let b be (-2)/((-2)/6 - 0). List the prime factors of (3 + w)*b*1.
2, 3
List the prime factors of 749/6 - (-9)/54.
5
Suppose 5*m + 2 = 2*g + 3*m, -2*g + m = 0. List the prime factors of 2 + g + (-70)/(-5).
3, 5
Suppose 2*d + 4 = 3*d. Let v(j) = j**2 + d*j + 2 - 3*j + 0*j**2. What are the prime factors of v(-2)?
2
Let l be ((-5)/2)/((-2)/4). List the prime factors of 2/l + (-216)/(-10).
2, 11
Suppose 3*z + 3 = 9. Suppose -2*w + 4*w - 10 = 0. Suppose -w*b + 5*f - 15 = 0, z*b - 4*f = -0*f - 16. What are the prime factors of b?
2
Suppose 3*n - 8 + 2 = 0. Suppose -n*w + 7*w - 45 = 0. What are the prime factors of w?
3
Suppose 0 = 7*p - 4*p - 126. Let o = p - 27. What are the prime factors of 48/10 + 3/o?
5
Let p = -51 - -142. List the prime factors of p.
7, 13
Let x = -29 - -64. Suppose 3*r - 2*f - 20 = 2*f, x = 5*r - 5*f. Let a = -1 + r. List the prime factors of a.
7
Suppose 3*w - 65 = 67. What are the prime factors of w?
2, 11
Let m be (-2 - -5)/(3/54). Let b = m + -31. What are the prime factors of b?
23
Let c(j) = 6*j**2 + 4*j + 5. What are the prime factors of c(-2)?
3, 7
Let r = -3 - -7. Suppose -r*i - 932 = -4*q, -5*i + 3*q = 1047 + 120. What are the prime factors of i/(-15) - 12/20?
3, 5
Suppose -4 = 4*o, -3*a - 2*o + 29 = -o. Let v = 30 - a. List the prime factors of v.
2, 5
Suppose 10 = 5*v - 4*v. What are the prime factors of v?
2, 5
Suppose -5*w + 32 = 7. Suppose 0*q = w*q. Suppose -18 = -3*j + 2*l, 4*j - l = -q*l + 24. What are the prime factors of j?
2, 3
Let j(s) = -s**3 + 15*s**2 + 15*s + 23. Let l be j(16). Suppose -l*g + 195 = -2*g. List the prime factors of g.
3, 13
What are the prime factors of 273/9*(6 - 3)?
7, 13
Let z be (11 + -10)*(-6)/2. Let l = z - -13. List the prime factors of l.
2, 5
Let z(x) be the third derivative of 7*x**6/360 - x**5/120 - x**4/8 + 3*x**2. Let o(f) be the second derivative of z(f). List the prime factors of o(1).
13
Let j = -12 + 17. Suppose 0 - j = -5*o, -3*r = -4*o - 8. What are the prime factors of r?
2
Let u(b) = -b**3 - 8*b**2 - 2*b + 3. Suppose 3*a + 3*v = -0*v - 27, -5*a + 3*v = 37. List the prime factors of u(a).
19
List the prime factors of 5/(-20) + 2931/12 + -3.
241
Suppose 3 = -w, 2*f + 2*w + 3*w - 25 = 0. What are the prime factors of f?
2, 5
Let g be (2/4)/(3/6). Let v be (14/(-8))/(g/(-12)). Suppose v = o + 2*o. List the prime factors of o.
7
Let s(o) = -o**2 + 6*o - 4. Let h be s(3). Suppose -2*k = -2*i, -8 = i - 2*i + h*k. List the prime factors of -2 + 1 - (i - 21).
2, 11
Suppose 0 = 3*c - 8*c + 10. Suppose 0 = -c*o - 4*p + 8 - 28, 4*p + 8 = 4*o. What are the prime factors of o - (6 - 1)*-2?
2
Let x be ((-4)/6)/(10/(-285)). Let i = x + -12. Suppose -s + i = -10. List the prime factors of s.
17
Let q be (-6)/(-30) + (-8)/(-10). What are the prime factors of q/(-3) - 171/(-27)?
2, 3
Let b = 5 - 5. Suppose b = 3*w + 5 - 11. What are the prime factors of w?
2
Suppose 5*j - 914 = -0*y - 2*y, -751 = -4*j + 5*y. List the prime factors of j.
2, 23
Let v = -6 - -6. Suppose 3*a + v*r - 39 = r, -a = -3*r - 13. What are the prime factors of a?
13
What are the prime factors of (0 - 0) + 3 + 42?
3, 5
Let a be (-1)/((-17)/6 - -3). Let i(t) = -3*t - 2. What are the prime factors of i(a)?
2
Let g(b) = -b**2 - 14*b - 5. List the prime factors of g(-10).
5, 7
Suppose -82 = -3*w + 200. List the prime factors of w.
2, 47
Let b be -4*2/(-8)*-3. Let v = 10 + b. What are the prime factors of v?
7
Let q = -17 + 19. List the prime factors of q.
2
Let f(b) = b**3 + 10*b**2 + 10*b. Let k be f(-8). Suppose 2*o = -2*o + k. What are the prime factors of o?
2, 3
Suppose -d + 39 = 4*u, -4*u - 3*d - 19 = -64. Suppose 0 = -4*n + 3*n - q + 3, u = -3*q. What are the prime factors of n?
2, 3
List the prime factors of 106/10 + (-16)/(-40).
11
Suppose d - 85 = -4*d. List the prime factors of d.
17
Let k(z) = -z**3 - 4*z**2 + 4. Let t be k(-4). Suppose 5*x = t*x + 2. List the prime factors of 46/6 + x/6.
2
Let d = 46 + -13. Suppose 4*t = t + d. List the prime factors of t.
11
Suppose 0 = 3*z - 15, 0*h - 100 = 4*h + 4*z. Let r = -13 - h. What are the prime factors of r?
17
Let o = 28 - 9. List the prime factors of o.
19
Let f(r) = r**3 - 6*r**2 + 5*r + 2. Let g be f(5). Let q(j) = j**3 - 2*j - 1. Let p be q(g). Let v(h) = 3*h - 4. What are the prime factors of v(p)?
5
Let m(s) = 1 + 5*s**2 - s**3 + 2*s + 5*s + 4 + 1. What are the prime factors of m(6)?
2, 3
List the prime factors of (-44)/8*(-26 + 0) - 2.
3, 47
Let n = 8 - 3. Suppose -h - 13 = 2*s - s, n*s + 26 = -2*h. Let k = 3 - h. What are the prime factors of k?
2
Suppose 25 = p + a + 4, 2*p - 3*a = 37. Suppose 0 = -h + p + 18. Suppose -h = -3*q - 4*d, -4*q + 39 = 4*d - d. List the prime factors of q.
2, 3
Let f = -3 - -10. Suppose 2*t + 16 = p, -2*t + f*t + 31 = -2*p. Let r(l) = l**2 + 6*l + 5. List the prime factors of r(t).
2, 3
Let i = -143 + 166. List the prime factors of i.
23
Let g = 275 - 28. What are the prime factors of g?
13, 19
Let u = 226 + -151. What are the prime factors of u?
3, 5
Let u(d) = d**3 - 3*d**2 - 2*d + 1. Let r = 6 - 2. Let q be u(r). Suppose 0 = -2*z + q + 25. List the prime factors of z.
17
Suppose -y + 14 = f, -7*y + 2*y = -2*f. Suppose 3*z - 5*z = -f. What are the prime factors of z?
5
Suppose 0 = -3*y - 9 - 0, 4*p = 4*y + 92. List the prime factors of p.
2, 5
Let b = -204 + 293. What are the prime factors of b?
89
Let x be (-11 - -26)/((-6)/4). What are the prime factors of -1 + (-5)/(x/62)?
2, 3, 5
Let a(d) = 5*d + 8. Let t(o) = o. Let c(q) = a(q) - 2*t(q). Let b(r) = 10*r + 25. Let n(s) = -2*b(s) + 7*c(s). List the prime factors of n(6).
2, 3
Let q(z) = -z**2 - 11*z - 12. Suppose -5*f = c - 4*c - 30, -2*f + 30 = -3*c. Let m be q(c). Let o = 4 - m. What are th